**2 + 4*y. Let j be l(-3). Is 4 + 1/(j/k) a prime number?
False
Let f = -145 + 148. Let l = 3 + 1. Suppose 0 = -4*u + f*v + 376, 0*v + 348 = 4*u + l*v. Is u composite?
True
Suppose -5*s + 4*d - 9*d = -4335, 5*d + 4355 = 5*s. Let o = -476 + s. Is o composite?
True
Suppose 3*g - 14 = -2. Suppose -2*d - 18 = 4*b - 4*d, g*b + d + 21 = 0. Is (-266)/b - (-1)/(-5) a composite number?
False
Suppose -a + 3*a - 576 = -4*k, 3*k - 437 = a. Suppose k = 3*l - 104. Is l prime?
True
Let q(o) = 203*o**2 - 13*o + 7. Is q(9) a prime number?
True
Let q(k) = -63*k**3 - 3*k**2 - 49*k + 14. Is q(-5) prime?
True
Suppose -846 = -2*d - 2*b, -5*d + b + 2145 = -0*d. Suppose -2*u + 1963 = 3*i, -u + 536 = -2*i - d. Is u composite?
True
Let z(k) = 2044*k**2 + 11*k - 2. Is z(1) composite?
False
Suppose 5*o - 4*c = -8*c + 899, -4 = -4*c. Is o composite?
False
Let q = -515 + 1148. Is q prime?
False
Let u = 3 - -3. Suppose -244 = -u*g + 1784. Let x = 711 - g. Is x prime?
True
Suppose 0 = -l + 2 - 1. Let r be l - (-6*37)/(-2). Let o = r + 228. Is o a composite number?
True
Is (-22718)/(-3) + (-4)/(-12) prime?
True
Suppose -3*a + g + 20 = 0, 3*a - g + 15 = 7*a. Suppose 5*j = -2*k + 1431, -3*j + 5*j = -k + 573. Suppose 188 = x + a*l - 93, -j = -x - 4*l. Is x prime?
False
Is (10876/(-7))/(8/(-28)) composite?
True
Suppose -7*u - 640 = -5*v - 2*u, v - 128 = 4*u. Is (1 - v)*(0 + -1) a composite number?
False
Let v(p) = -702*p + 163. Is v(-19) composite?
True
Suppose -10*o + 2265 = -2525. Is o a composite number?
False
Suppose 20*d - 278834 = -14*d. Is d a composite number?
True
Suppose 2*c + 15 = -9. Let p be (-2)/6 + (-820)/c. Suppose o + o = p. Is o prime?
False
Is (-154136)/(-18) - (-20)/(-180) composite?
False
Suppose -3*p + 12*p - 360 = 0. Suppose 0*f - 48 = -2*d + 4*f, f - 141 = -4*d. Suppose 2*v - d = p. Is v a composite number?
False
Let m(d) = 3*d + 18. Let u be m(-5). Suppose u*h + 3*f = -2*h + 65, -5 = -f. Is h prime?
False
Suppose -1040 = -2*j - 2*j. Let u = j + -43. Is u composite?
True
Let l be (-27)/36 - 95/(-4). Let z = l + -9. Is 10956/28 + (-4)/z composite?
True
Let w = 8 + -3. Let v(c) = 5*c + 192. Let q be v(-38). Suppose 0 = -w*x + 5*t + 425, 0 = q*t - t - 4. Is x composite?
False
Let w(f) = 72*f**2 + 7*f - 8. Let n be w(4). Suppose 5*j - j = n. Is j a composite number?
False
Suppose 4 = -5*l + 24. Suppose 0 = l*a - 5*f - 83, 3*f = -0 + 3. Is a a prime number?
False
Let n(m) = -m - 23. Let k be n(0). Let t = k + 330. Is t a prime number?
True
Is -5 + 25/((-200)/(-441984)) composite?
False
Let n(o) = -22*o**3 - 2*o**2 - 2*o + 15. Is n(-4) composite?
False
Suppose 3*n - 652 - 1595 = 0. Suppose -n = -3*c + 1144. Is c prime?
True
Let p be -4 + 7/(35/40). Suppose -2*x - p*x = 90. Is (-716)/(-6)*x/(-10) prime?
True
Suppose 3*l = -2*k + 246, 112 + 503 = 5*k + l. Let v = 206 - k. Is -4 + v - 0 - 0 prime?
True
Let z = 13 - 15. Is z/(-3 - ((-1596)/267 - -3)) a composite number?
False
Let a = -1078 + -73. Is (a*1)/(5 + -6) composite?
False
Suppose 4*x + l = 1147, 3*x - 2*l - l = 864. Let g = -144 + x. Is g composite?
True
Is (-27528)/(-5) - -2 - 9/15 prime?
True
Let u(h) = -h**3 - 4*h**2 + h - 15. Let n be u(-5). Let f be (2 - 3)*0 + 4. Suppose 0*g + 4 = -f*g, n*g + 450 = 5*i. Is i a composite number?
False
Let h(r) = 2*r + 5*r**2 - 4*r**2 + r**2 - r + 4. Suppose 4*q - 4*o = 24, 4*o + 3 = q - 4*q. Is h(q) composite?
True
Suppose 30635 = 4*v - 3*w, 33*w - 38300 = -5*v + 38*w. Is v composite?
True
Let n = 21 - 18. Suppose 7*q - f - 181 = 4*q, -q - n*f + 77 = 0. Is q prime?
False
Let h(s) = -s**3 - 12*s**2 + 12*s + 10. Let k be h(-13). Let d = 27 - k. Suppose d*a - 5*y - 3247 = -0*y, 0 = 5*a + 5*y - 4070. Is a a composite number?
True
Is 207360/42 + 3/(-21) composite?
False
Let n(u) = 2*u**2 + 2*u - 4. Let y be n(-5). Is 9783/y*(-4)/(-1) composite?
False
Suppose i - 3*u - 2075 = 0, 3*u = 7*i - 2*i - 10399. Is i composite?
False
Suppose 0 = -m - 0*s - s + 3, -s - 3 = -2*m. Suppose 2 - 5 = -g, 4*y = -m*g + 1010. Is y prime?
True
Suppose -4*h - 4*w - 3580 + 14016 = 0, 0 = w. Is h prime?
True
Suppose -2*a + 30 = -5*h + 1285, -4*h + a + 1007 = 0. Is h a composite number?
True
Let w = -28 + 15. Let l = w - -15. Suppose -3*m + 42 = l*t, 3*t + 63 - 7 = 4*m. Is m composite?
True
Let n be 1*(1 - -17)/(-3). Let p be (-46)/(-12) + (-1)/n. Suppose p*o = -o + 185. Is o prime?
True
Let f(o) = o + 22*o**2 - 25*o**2 - 1 - 4*o**3 - 4*o. Is f(-3) a composite number?
False
Let j be 4/18 - (-36664)/144*34. Suppose -j = -10*x - x. Is x a composite number?
False
Let i = 9389 + -6448. Is i a prime number?
False
Suppose 4*w = -0*w + 120. Let v be (24/w)/((-4)/(-10)). Suppose -4*z + v*n + 472 = 0, 4*z = -2*n - 0*n + 480. Is z prime?
False
Let s(j) = j**3 - 16*j**2 - 30*j - 25. Is s(18) a prime number?
True
Let f(a) = 192*a**2 + 2*a + 3. Suppose -165*p + 2 = -166*p. Is f(p) a composite number?
True
Is (-12 + 3 - -6) + 4 + 40734 a prime number?
False
Let f be 104/(-13) - (-4 + -1). Let l(a) be the third derivative of 3*a**5/10 + a**4/6 - a**3/6 - a**2. Is l(f) a prime number?
True
Suppose -108 = 8*x - 14*x. Suppose -17*m = -x*m + 2949. Is m a prime number?
False
Let j be (-1)/2 + ((-54)/(-12) - 5). Is (6 - 6)/(-3 - j) - -251 a prime number?
True
Let p = -2877 - -5098. Is p composite?
False
Let c(x) = -3 + 4*x - 3 + x**2 + 4. Let t be c(-5). Suppose 0 = -5*b + 4*n + 295, -30 = -b - 2*n - t*n. Is b a prime number?
False
Suppose -x = -7 - 2. Suppose -4*n = -4*k - 2*n + 10, 5*k = -n + x. Suppose -p = -k*p + 22. Is p prime?
False
Let g = -5 + 7. Suppose 5*b - 15 = z + 4*z, 3*b - 9 = -g*z. Suppose z = -0*r - 5*r + 445. Is r prime?
True
Let y(x) = 19*x**2 + 31*x + 413. Is y(-20) composite?
False
Suppose 2*w = 5*w + 555. Let s = w + 325. Suppose 2*y + 2*y - s = 0. Is y composite?
True
Let m(g) = -47*g**3 - 27*g**2 - 2*g - 3. Is m(-7) composite?
True
Let w be ((-1)/(-3))/(((-8)/(-2))/105828). Let h = -6286 + w. Is h a prime number?
False
Suppose 0 = 5*j - 4*s + 30, 3*s + 1 = -j - 5. Is ((-34661)/j - -2) + (-3)/(-18) composite?
False
Suppose 3*j = 2*a - 93311, -139994 = 97*a - 100*a - j. Is a composite?
False
Suppose 0 = -5*w, 4*f + 10115 = 4*w + 40903. Is f composite?
True
Let w be (-2)/((-40)/15)*4. Suppose -311 = -5*k + 4*a - 50, -167 = -w*k + 5*a. Is k a composite number?
True
Let s(b) = 6605*b**2 - b - 1. Let d be s(1). Suppose -13*n = -1639 - d. Is n prime?
False
Is 84/(-231) - (-6065)/11 prime?
False
Let a(v) = -1293*v + 41. Is a(-6) prime?
False
Let g(h) = 193*h + 10. Let v = 46 - 39. Is g(v) composite?
False
Suppose -4*s = -3*z - 6517, s - 185 = -2*z + 1447. Suppose -4*a = a + 3*p + s, -977 = 3*a + 2*p. Is (-12 - a)*(1 + 0) a prime number?
True
Suppose 0 = -60*l + 55*l + 46145. Is l a prime number?
False
Let o be 1155/12 + (-7)/28. Suppose r = 47 + o. Is r a composite number?
True
Suppose 0 = 24*v - 21*v + t - 27345, -5*t = 0. Is v a composite number?
True
Suppose 40*v - 49*v = -292401. Is v a composite number?
True
Suppose 5*g - 98635 - 70092 = 4*v, -33758 = -g + 5*v. Is g prime?
False
Suppose -2*h - x + 766 = -699, 0 = -4*h - 5*x + 2927. Is h a composite number?
False
Suppose -4729 = -2*h + z, 0 = h + 3*h - 4*z - 9464. Is h a composite number?
True
Let n(f) = 1 - 16*f**2 + 34*f**2 + 5*f + 7*f**2. Is n(-2) a prime number?
False
Let d(b) = -27015*b - 3. Let w be d(3). Is (-2)/6 - w/36 a prime number?
True
Suppose 3*u + 18 = -3*v, v - 4*v = 0. Is (128/(-20) - u) + 397/5 prime?
True
Suppose 45*s - 290723 - 1091452 = 0. Is s a composite number?
True
Let f(y) = -y**3 + 3*y**2 + 5*y - 5. Let h be f(4). Let n(s) = -42*s**2 - 14*s + 5. Let j(w) = 14*w**2 + 5*w - 2. Let o(a) = -8*j(a) - 3*n(a). Is o(h) prime?
True
Suppose 4086 - 12276 = -6*l. Suppose -5*t - l = 5*k, -4*k - 3*t = 2*t + 1097. Is (k/6)/(2/(-3)) a prime number?
True
Let f be 14/(-4)*(-1)/(28/(-16)). Let a be (23 - 0)/(2/(-8)). Is f + (-2 - a) + -3 prime?
False
Let g = 384 - 202. Suppose -2*f = -0*f - g. Is f a prime number?
False
Let k = 24 - 12. Let y = -13 + k. Is y - -107 - (3 - 0) a prime number?
True
Let l(o) = o**2 - 5*o - 4. Let k be l(5). Let j be 284*(21/k)/(-7). Suppose 2*s = -g + 7*s + 134, 0 = -2*g - s + j. Is g a composite number?
False
Let k = 11277 + -6296. Is k a prime number?
False
Let p be (140/15)/(-3*6/(-567)). Let z = 156 - 5